50013?
-12454150021
In base 2, what is -101 + 1000000001010110111100110?
1000000001010110111100001
In base 3, what is -10222 + -10021122010?
-10021210002
In base 6, what is 130143531 - 4?
130143523
In base 4, what is 23111322122 + -2?
23111322120
In base 15, what is 47cc34b - 4?
47cc347
In base 2, what is 101 + -111001000000110000010110011?
-111001000000110000010101110
In base 8, what is 1565 + 2056?
3643
In base 4, what is 2020 - -123013321?
123022001
In base 8, what is 607 + 37375?
40204
In base 11, what is -3595 - 4132?
-7717
In base 15, what is 2028 - 1e1?
1d37
In base 7, what is 5305201 - 261?
5304610
In base 15, what is -ac - aae2?
-ab9e
In base 8, what is -1070240 - 573?
-1071033
In base 14, what is -b13 + -4351?
-5064
In base 6, what is -23321 - -440?
-22441
In base 3, what is -22211022211 + -11002?
-22211110220
In base 4, what is -13301 - 221023?
-300330
In base 15, what is 6 + -635c2e6?
-635c2e0
In base 12, what is 2511 + -3bb97?
-39686
In base 4, what is -10212112 + -21222?
-10300000
In base 13, what is -6a980 - 43?
-6a9c3
In base 4, what is 1303 - 10222100212?
-10222032303
In base 16, what is -443c + f1?
-434b
In base 9, what is -25 + -460658?
-460684
In base 7, what is 103021600 + -2?
103021565
In base 15, what is 2 + -1d414cdc?
-1d414cda
In base 14, what is -645b90 + -3?
-645b93
In base 9, what is 12 + -8134410?
-8134387
In base 14, what is 5291c - 172?
5278a
In base 13, what is 17 - -2615bab?
2615bc5
In base 3, what is 110101 + -20121201101?
-20121021000
In base 14, what is 7 + 250a073?
250a07a
In base 4, what is -32311230 + -100?
-32311330
In base 9, what is -184653 - 342?
-185105
In base 15, what is da + -b632d?
-b6243
In base 5, what is -210 + 110040124?
110034414
In base 12, what is a5608 + -35?
a5593
In base 7, what is 525 + 2122323?
2123151
In base 3, what is -10 - 111012111202220121?
-111012111202220201
In base 15, what is -459 - -3820?
33b6
In base 10, what is 4401289 - 4?
4401285
In base 11, what is -1 + 32325699?
32325698
In base 3, what is 1011102 - 20002122011?
-20001110202
In base 4, what is 2323 + 13303000?
13311323
In base 14, what is 242 - 837?
-5d5
In base 15, what is -2c9b17 - -1?
-2c9b16
In base 16, what is 46 + -10640?
-105fa
In base 15, what is -15a4878 - -6?
-15a4872
In base 5, what is -13243010242 + -4?
-13243010301
In base 6, what is 3 - 1104440200?
-1104440153
In base 13, what is -19001b7 - -21?
-1900196
In base 8, what is -317122 + -154?
-317276
In base 15, what is -387 + 3b64?
37cc
In base 5, what is 213 + -21213332133?
-21213331420
In base 15, what is -d45e6 + -46e?
-d4a65
In base 3, what is 1101 + -20200012100?
-20200010222
In base 11, what is -29 - -810aa1?
810a73
In base 16, what is 20b4574 + 4?
20b4578
In base 3, what is 20200010000222 + 1212?
20200010002211
In base 4, what is 1232120302010 + -3?
1232120302001
In base 16, what is -2495 - -1c9?
-22cc
In base 3, what is -2002020001122201200 + 12?
-2002020001122201111
In base 14, what is 1729c76 + -9?
1729c6b
In base 6, what is -351 + -50243102?
-50243453
In base 13, what is -c988 - -72?
-c916
In base 14, what is d57b1 + 217?
d59c8
In base 11, what is -62584798 + 7?
-62584791
In base 15, what is 3d2 + -35b6?
-31d4
In base 4, what is -101321 - 112312113?
-113020100
In base 4, what is 11 + 2023223301?
2023223312
In base 11, what is 0 + 673996?
673996
In base 16, what is -4 - 2219?
-221d
In base 10, what is 5919 + 694?
6613
In base 13, what is -72aa + 283?
-7027
In base 6, what is 13435254 + -1115?
13434135
In base 12, what is -3a68 - -a004?
6158
In base 16, what is e497 + 325?
e7bc
In base 5, what is 22123 - 2443331?
-2421203
In base 6, what is -15043554 + -4?
-15044002
In base 5, what is 112 + 104330?
104442
In base 10, what is -5 + -14722152?
-14722157
In base 14, what is 3202d - -192?
321c1
In base 10, what is -242461 + 793?
-241668
In base 9, what is -2426 + 660531?
657104
In base 4, what is -333130330122 - -323?
-333130323133
In base 8, what is 3 + -1375532?
-1375527
In base 6, what is -2 - 45503145?
-45503151
In base 7, what is 2515365002 - 3?
2515364666
In base 9, what is 4 + -215210777?
-215210773
In base 10, what is -10331680 - -4?
-10331676
In base 4, what is 301 - 211103031332?
-211103031031
In base 4, what is -111222 - -10113032?
10001210
In base 16, what is b + 1d8d32?
1d8d3d
In base 14, what is 3 + 6c8c14?
6c8c17
In base 12, what is 41 + 9542?
9583
In base 6, what is -555431 + -2104?
-1001535
In base 10, what is 1890 + -150671?
-148781
In base 4, what is -3122 - -1333113103?
1333103321
In base 2, what is -1101111000010010001001011 + -10?
-1101111000010010001001101
In base 5, what is 20 - 31320440413?
-31320440343
In base 15, what is 0 - -974a3?
974a3
In base 9, what is -1 - 212821?
-212822
In base 5, what is 4 - 103100020?
-103100011
In base 2, what is -11101101101100011 - -1111000111?
-11101011110011100
In base 6, what is -10550214 - -20?
-10550154
In base 8, what is -751 + 12400?
11427
In base 4, what is -10302 - 1012001?
-1022303
In base 12, what is -779325 - -4?
-779321
In base 9, what is 10 + 287283?
287303
In base 4, what is 3331330011 + 13?
3331330030
In base 15, what is -2259 - 2dd?
-2547
In base 4, what is 312301120 - 213?
312300301
In base 15, what is -151390b - 3?
-151390e
In base 12, what is 185a + -5bb0?
-4352
In base 11, what is -55a + -938158?
-938707
In base 12, what is 59 - -396903?
396960
In base 15, what is -1ded7a + -5?
-1ded80
In base 16, what is 45052b - -d?
450538
In base 4, what is -2 - 23231232203?
-23231232211
In base 12, what is 39153a + -5?
391535
In base 3, what is 22122100021 + -100?
22122022221
In base 9, what is -24522680 + -3?
-24522683
In base 10, what is 1323729 - 47?
1323682
In base 9, what is -1 + 12738714?
12738713
In base 9, what is 8110 + -303?
7706
In base 11, what is -2 - 1a73a90?
-1a73a92
In base 7, what is -304 - 346?
-653
In base 16, what is 5d4 + 1ade5?
1b3b9
In base 13, what is -27b06b5 + -2?
-27b06b7
In base 4, what is 0 - -213032010331?
213032010331
In base 6, what is -1222 + -2330121?
-2331343
In base 3, what is 1120120010222 - -121210?
1120120202202
In base 4, what is -130013 - -21333111?
21203032
In base 16, what is 164 - 7e30a?
-7e1a6
In base 5, what is -1340 - -341242130?
341240240
In base 16, what is -12b + ed61?
ec36
In base 7, what is -3616354 - 155?
-3616542
In base 7, what is 52 + 1325554?
1325636
In base 11, what is -5 + 4aaa692?
4aaa688
In base 13, what is 13333 - -c449?
2277c
In base 12, what is -1a5 + 41a05?
41820
In base 3, what is 1021102112222201012 - -1?
1021102112222201020
In base 16, what is 4 - -619e2e?
619e32
In base 8, what is -17153 - 4475?
-23650
In base 6, what is -1 - 1021225522?
-1021225523
In base 10, what is 80581 - 328?
80253
In base 7, what is 251322106 + 22?
251322131
In base 3, what is -112012221100221112 - 10?
-112012221100221122
In base 10, what is -174 - 6628?
-6802
In base 14, what is -a + 37ac481?
37ac475
In base 2, what is -111010100011111001000 + -11010?
-111010100011111100010
In base 15, what is -1d9 - e3aa3?
-e3c8c
In base 12, what is 832 - -5808?
643a
In base 16, what is -1 - -901e09?
901e08
In base 14, what is 5 - -4061c909?
4061c910
In base 16, what is 3 - 46e30?
-46e2d
In base 10, what is -281 - -106672?
106391
In base 6, what is -551 + -133111031?
-133112022
In base 12, what is -2728a2 - 8?
-2728aa
In base 15, what is -9 + 9c2bc8?
9c2bbe
In base 13, what is 3 - 1c9b4bb?
-1c9b4b8
In base 15, what is -5173 - -15?
-515d
In base 8, what is -55 + -763511?
-763566
In base 13, what is 1 - 10033?
-10032
In base 7, what is 2 + -153520542?
-153520540
In base 4, what is 331212 + 2213020?
3210232
In base 13, what is 0 + -16bb3c5?
-16bb3c5
In base 7, what is 34362461563 - 0?
34362461563
In base 15, what is 968e + -188?
9506
In base 3, what is 22022220 + 0?
22022220
In base 15, what is a06d3a + 2?
a06d3c
In base 9, what is -428170 - -402?
-427667
In base 12, what is 18681 - 41a?
18263
In base 4, what is 12 + -23232310300?
-23232310222
In base 7, what is -56 + -36265?
-36354
In base 4, what is -13202 - 33013202?
-33033010
In base 13, what is -117 + -3254?
-336b
In base 9, what is 7 - -82762?
82770
In base 10, what is 286605458 + 0?
286605458
In base 11, what is 3a90 - -1a199?
23179
In base 14, what is 20 - -373c51?
373c71
In base 15, what is 283636 + e?